{"id":220,"date":"2022-11-22T05:22:37","date_gmt":"2022-11-22T05:22:37","guid":{"rendered":"https:\/\/pramisa.com\/?page_id=220"},"modified":"2022-12-01T04:19:35","modified_gmt":"2022-12-01T04:19:35","slug":"nacionalizacion","status":"publish","type":"page","link":"https:\/\/pramisa.com\/?page_id=220","title":{"rendered":"Nacionalizaci\u00f3n"},"content":{"rendered":"\n<p>Contamos con las soluciones m\u00e1s efectivas en servicios de nacionalizaci\u00f3n.<\/p>\n\n\n\n<div class=\"wp-block-media-text alignwide is-stacked-on-mobile\"><figure class=\"wp-block-media-text__media\"><img loading=\"lazy\" decoding=\"async\" width=\"1024\" height=\"683\" src=\"https:\/\/pramisa.com\/wp-content\/uploads\/2022\/11\/customs-declaration-form-invoice-freight-parcel-concept-1024x683.jpg\" alt=\"servicios de aduana\" class=\"wp-image-316 size-full\" srcset=\"https:\/\/pramisa.com\/wp-content\/uploads\/2022\/11\/customs-declaration-form-invoice-freight-parcel-concept-1024x683.jpg 1024w, https:\/\/pramisa.com\/wp-content\/uploads\/2022\/11\/customs-declaration-form-invoice-freight-parcel-concept-300x200.jpg 300w, https:\/\/pramisa.com\/wp-content\/uploads\/2022\/11\/customs-declaration-form-invoice-freight-parcel-concept-768x513.jpg 768w, https:\/\/pramisa.com\/wp-content\/uploads\/2022\/11\/customs-declaration-form-invoice-freight-parcel-concept-1536x1025.jpg 1536w, https:\/\/pramisa.com\/wp-content\/uploads\/2022\/11\/customs-declaration-form-invoice-freight-parcel-concept-2048x1367.jpg 2048w\" sizes=\"auto, (max-width: 1024px) 100vw, 1024px\" \/><\/figure><div class=\"wp-block-media-text__content\">\n<h2 class=\"has-text-color wp-block-heading\" style=\"color:#d93426\">Servicios de aduana<\/h2>\n\n\n\n<ul class=\"wp-block-list\">\n<li>Asesores expertos en aduana.<\/li>\n\n\n\n<li>Cumplimiento de normativa aduanera.<\/li>\n\n\n\n<li>Gesti\u00f3n de importaciones.<\/li>\n\n\n\n<li>Transmisi\u00f3n de declaraciones.<\/li>\n\n\n\n<li>Presentaci\u00f3n de seguros.<\/li>\n\n\n\n<li>Clasificaci\u00f3n segun arancel nacional.<\/li>\n\n\n\n<li>Agenciamiento.<\/li>\n\n\n\n<li>Documentaci\u00f3n previa, permisos y licencias.<\/li>\n\n\n\n<li>Acuerdos Internacionales.<\/li>\n<\/ul>\n<\/div><\/div>\n\n\n\n<div class=\"wp-block-media-text alignwide has-media-on-the-right is-stacked-on-mobile\"><div class=\"wp-block-media-text__content\">\n<h2 class=\"has-text-color wp-block-heading\" style=\"color:#d93426\">Consultor\u00eda en comercio exterior y aduana<\/h2>\n\n\n\n<ul class=\"wp-block-list\">\n<li>Asesores internacionales y nacionales expertos en comercio exterior aduanas.<\/li>\n\n\n\n<li>Gesti\u00f3n de proyectos de importaci\u00f3n, cumplimiento de tiempos, calidad y presupuestos.<\/li>\n\n\n\n<li>Negociaciones internacionales.<\/li>\n\n\n\n<li>Normativa a cumplir. <\/li>\n\n\n\n<li>Beneficios de acuerdos internacionales.<\/li>\n\n\n\n<li>Porcentajes de liberaci\u00f3n y preferencias arancelarias.<\/li>\n\n\n\n<li>Consulta de las mercanc\u00edas de restricci\u00f3n y prohibici\u00f3n.<\/li>\n\n\n\n<li>Consulta de tributos fijos de mercanc\u00edas.<\/li>\n\n\n\n<li>Asesor\u00eda en obtenci\u00f3n de documentaci\u00f3n previa y licencias.<\/li>\n\n\n\n<li>Capacitaciones sobre comercio exterior y aduanas.<\/li>\n\n\n\n<li>Asesor\u00eda en gesti\u00f3n log\u00edstica internacional.<\/li>\n<\/ul>\n<\/div><figure class=\"wp-block-media-text__media\"><img loading=\"lazy\" decoding=\"async\" width=\"1024\" height=\"683\" src=\"https:\/\/pramisa.com\/wp-content\/uploads\/2022\/12\/concentrated-colleagues-watching-statistic-charts-and-talking-about-work-professional-senior-managers-and-young-assistant-preparing-business-plan-teamwork-management-and-partnership-concept-1024x683.jpg\" alt=\"Asesor\u00eda en comercio exterior\" class=\"wp-image-456 size-full\" srcset=\"https:\/\/pramisa.com\/wp-content\/uploads\/2022\/12\/concentrated-colleagues-watching-statistic-charts-and-talking-about-work-professional-senior-managers-and-young-assistant-preparing-business-plan-teamwork-management-and-partnership-concept-1024x683.jpg 1024w, https:\/\/pramisa.com\/wp-content\/uploads\/2022\/12\/concentrated-colleagues-watching-statistic-charts-and-talking-about-work-professional-senior-managers-and-young-assistant-preparing-business-plan-teamwork-management-and-partnership-concept-300x200.jpg 300w, https:\/\/pramisa.com\/wp-content\/uploads\/2022\/12\/concentrated-colleagues-watching-statistic-charts-and-talking-about-work-professional-senior-managers-and-young-assistant-preparing-business-plan-teamwork-management-and-partnership-concept-768x512.jpg 768w, https:\/\/pramisa.com\/wp-content\/uploads\/2022\/12\/concentrated-colleagues-watching-statistic-charts-and-talking-about-work-professional-senior-managers-and-young-assistant-preparing-business-plan-teamwork-management-and-partnership-concept-1536x1024.jpg 1536w, https:\/\/pramisa.com\/wp-content\/uploads\/2022\/12\/concentrated-colleagues-watching-statistic-charts-and-talking-about-work-professional-senior-managers-and-young-assistant-preparing-business-plan-teamwork-management-and-partnership-concept-2048x1365.jpg 2048w\" sizes=\"auto, (max-width: 1024px) 100vw, 1024px\" \/><\/figure><\/div>\n","protected":false},"excerpt":{"rendered":"<p>Contamos con las soluciones m\u00e1s efectivas en servicios de nacionalizaci\u00f3n.<\/p>\n","protected":false},"author":1,"featured_media":0,"parent":0,"menu_order":0,"comment_status":"closed","ping_status":"closed","template":"","meta":{"om_disable_all_campaigns":false,"_monsterinsights_skip_tracking":false,"_monsterinsights_sitenote_active":false,"_monsterinsights_sitenote_note":"","_monsterinsights_sitenote_category":0,"site-sidebar-layout":"default","site-content-layout":"","ast-site-content-layout":"","site-content-style":"default","site-sidebar-style":"default","ast-global-header-display":"","ast-banner-title-visibility":"","ast-main-header-display":"","ast-hfb-above-header-display":"","ast-hfb-below-header-display":"","ast-hfb-mobile-header-display":"","site-post-title":"","ast-breadcrumbs-content":"","ast-featured-img":"","footer-sml-layout":"","theme-transparent-header-meta":"","adv-header-id-meta":"","stick-header-meta":"","header-above-stick-meta":"","header-main-stick-meta":"","header-below-stick-meta":"","astra-migrate-meta-layouts":"default","ast-page-background-enabled":"default","ast-page-background-meta":{"desktop":{"background-color":"var(--ast-global-color-4)","background-image":"","background-repeat":"repeat","background-position":"center center","background-size":"auto","background-attachment":"scroll","background-type":"","background-media":"","overlay-type":"","overlay-color":"","overlay-opacity":"","overlay-gradient":""},"tablet":{"background-color":"","background-image":"","background-repeat":"repeat","background-position":"center center","background-size":"auto","background-attachment":"scroll","background-type":"","background-media":"","overlay-type":"","overlay-color":"","overlay-opacity":"","overlay-gradient":""},"mobile":{"background-color":"","background-image":"","background-repeat":"repeat","background-position":"center center","background-size":"auto","background-attachment":"scroll","background-type":"","background-media":"","overlay-type":"","overlay-color":"","overlay-opacity":"","overlay-gradient":""}},"ast-content-background-meta":{"desktop":{"background-color":"var(--ast-global-color-5)","background-image":"","background-repeat":"repeat","background-position":"center center","background-size":"auto","background-attachment":"scroll","background-type":"","background-media":"","overlay-type":"","overlay-color":"","overlay-opacity":"","overlay-gradient":""},"tablet":{"background-color":"var(--ast-global-color-5)","background-image":"","background-repeat":"repeat","background-position":"center center","background-size":"auto","background-attachment":"scroll","background-type":"","background-media":"","overlay-type":"","overlay-color":"","overlay-opacity":"","overlay-gradient":""},"mobile":{"background-color":"var(--ast-global-color-5)","background-image":"","background-repeat":"repeat","background-position":"center center","background-size":"auto","background-attachment":"scroll","background-type":"","background-media":"","overlay-type":"","overlay-color":"","overlay-opacity":"","overlay-gradient":""}},"footnotes":""},"class_list":["post-220","page","type-page","status-publish","hentry"],"aioseo_notices":[],"_links":{"self":[{"href":"https:\/\/pramisa.com\/index.php?rest_route=\/wp\/v2\/pages\/220","targetHints":{"allow":["GET"]}}],"collection":[{"href":"https:\/\/pramisa.com\/index.php?rest_route=\/wp\/v2\/pages"}],"about":[{"href":"https:\/\/pramisa.com\/index.php?rest_route=\/wp\/v2\/types\/page"}],"author":[{"embeddable":true,"href":"https:\/\/pramisa.com\/index.php?rest_route=\/wp\/v2\/users\/1"}],"replies":[{"embeddable":true,"href":"https:\/\/pramisa.com\/index.php?rest_route=%2Fwp%2Fv2%2Fcomments&post=220"}],"version-history":[{"count":5,"href":"https:\/\/pramisa.com\/index.php?rest_route=\/wp\/v2\/pages\/220\/revisions"}],"predecessor-version":[{"id":461,"href":"https:\/\/pramisa.com\/index.php?rest_route=\/wp\/v2\/pages\/220\/revisions\/461"}],"wp:attachment":[{"href":"https:\/\/pramisa.com\/index.php?rest_route=%2Fwp%2Fv2%2Fmedia&parent=220"}],"curies":[{"name":"wp","href":"https:\/\/api.w.org\/{rel}","templated":true}]}}